{"id":4833,"date":"2024-11-25T14:18:39","date_gmt":"2024-11-25T18:18:39","guid":{"rendered":"https:\/\/www.municipalidadlagoranco.cl\/web\/?page_id=4833"},"modified":"2024-11-26T14:14:43","modified_gmt":"2024-11-26T18:14:43","slug":"politicas_ninez","status":"publish","type":"page","link":"https:\/\/www.municipalidadlagoranco.cl\/web\/politicas_ninez\/","title":{"rendered":"POLITICAS DE LA NI\u00d1EZ"},"content":{"rendered":"[vc_row][vc_column][vc_single_image image=\u00bb4835&#8243; img_size=\u00bbfull\u00bb][\/vc_column][\/vc_row][vc_row][vc_column width=\u00bb2\/3&#8243;][vc_column_text]\r\n<h2><strong>Pol\u00edtica de Ni\u00f1ez y Adolescencia Lago Ranco<\/strong><\/h2>\r\n\r\n<hr \/>\r\n\r\nLa Pol\u00edtica Local de Ni\u00f1ez y Adolescencia de Lago Ranco 2024-2032 es un acuerdo transversal y un compromiso de toda la comunidad, para promover y garantizar el desarrollo y bienestar integral de todas las ni\u00f1as, ni\u00f1os y adolescentes de nuestra comuna.\r\n\r\nEsta iniciativa, es fruto de un trabajo colectivo, el cual define prioridades y objetivos, basados en los sue\u00f1os, inquietudes, esperanzas y necesidades de la comunidad, para asegurar que la ni\u00f1ez y adolescencia de nuestro territorio tenga acceso a espacios adecuados, programas educativos inclusivos y oportunidades para participar.\r\n\r\nDesde la gesti\u00f3n municipal deseamos que ni\u00f1as, ni\u00f1os y adolescentes se sientan y est\u00e9n acompa\u00f1ados en su desarrollo personal, sus trayectorias educativas, el fortalecimiento de sus intereses, y los diferentes espacios de juego y recreaci\u00f3n, pero sobre todo, donde sus derechos sean siempre una prioridad.\r\n\r\nTe invitamos a descargar y leer este instrumento, construido a partir de la voz de la comunidad ranquina y que busca orientar el trabajo para construir una comuna llena de oportunidades, donde ni\u00f1as, ni\u00f1os y adolescentes se sientan escuchados, acompa\u00f1ados, y reconocidos en su camino hoy, ma\u00f1ana y cada d\u00eda.\r\n\r\n\u00a1 Recuerda, todos somos parte de esta Pol\u00edtica Local de Ni\u00f1ez y Adolescencia Comunal ![\/vc_column_text][vc_column_text]\r\n\r\n<hr \/>\r\n\r\n<i><b><span style=\"font-size: large;\">\u00a0<\/span><\/b><\/i>[\/vc_column_text][vc_column_text]<a class=\"ts-button ts-color-darkblue ts-button-medium ts-icon-left ts-align-left ts-button-effect\" href=\"https:\/\/www.municipalidadlagoranco.cl\/web\/wp-content\/uploads\/2024\/11\/Politica-de-Ninez-y-Adolescencia-Lago-Ranco.pdf\" target=\"_blank\"><span class=\"ts-button-icon\"><span class=\"ts-btn-icon fa fa-download\"><\/span><\/span><span class=\"ts-button-title\">Politica de Ni\u00f1ez<\/span><\/a>\r\n\r\n<a class=\"ts-button ts-color-darkblue ts-button-medium ts-icon-left ts-align-left ts-button-effect\" href=\"https:\/\/www.municipalidadlagoranco.cl\/web\/wp-content\/uploads\/2024\/11\/Decreto-2748-Politica-Ninez-y-Adolescencia-Lago-Ranco-2024-2032.pdf\" target=\"_blank\"><span class=\"ts-button-icon\"><span class=\"ts-btn-icon fa fa-download\"><\/span><\/span><span class=\"ts-button-title\">Reglamento<\/span><\/a>\r\n\r\n[\/vc_column_text][vc_empty_space][\/vc_column][vc_column width=\u00bb1\/3&#8243;][vc_single_image image=\u00bb4838&#8243; img_size=\u00bbfull\u00bb][\/vc_column][vc_column][\/vc_column][\/vc_row]","protected":false},"excerpt":{"rendered":"<p>[vc_row][vc_column][vc_single_image image=\u00bb4835&#8243; img_size=\u00bbfull\u00bb][\/vc_column][\/vc_row][vc_row][vc_column width=\u00bb2\/3&#8243;][vc_column_text] Pol\u00edtica de Ni\u00f1ez y Adolescencia Lago Ranco La Pol\u00edtica Local de Ni\u00f1ez y Adolescencia de Lago Ranco 2024-2032 es un acuerdo transversal y un compromiso de toda la comunidad, para promover y garantizar el desarrollo y bienestar integral de todas las ni\u00f1as, ni\u00f1os y adolescentes de nuestra comuna. Esta iniciativa, es [&hellip;]<\/p>\n","protected":false},"author":7,"featured_media":0,"parent":0,"menu_order":0,"comment_status":"closed","ping_status":"closed","template":"","meta":{"_exactmetrics_skip_tracking":false,"footnotes":""},"class_list":["post-4833","page","type-page","status-publish","hentry","readmore-type-button"],"yoast_head":"<!-- This site is optimized with the Yoast SEO plugin v28.2 - https:\/\/yoast.com\/product\/yoast-seo-wordpress\/ -->\n<title>POLITICAS DE LA NI\u00d1EZ - Municipalidad Lago Ranco<\/title>\n<meta name=\"robots\" content=\"index, follow, max-snippet:-1, max-image-preview:large, max-video-preview:-1\" \/>\n<link rel=\"canonical\" href=\"https:\/\/www.municipalidadlagoranco.cl\/web\/politicas_ninez\/\" \/>\n<meta property=\"og:locale\" content=\"es_ES\" \/>\n<meta property=\"og:type\" content=\"article\" \/>\n<meta property=\"og:title\" content=\"POLITICAS DE LA NI\u00d1EZ - Municipalidad Lago Ranco\" \/>\n<meta property=\"og:description\" content=\"[vc_row][vc_column][vc_single_image image=\u00bb4835&#8243; img_size=\u00bbfull\u00bb][\/vc_column][\/vc_row][vc_row][vc_column width=\u00bb2\/3&#8243;][vc_column_text] Pol\u00edtica de Ni\u00f1ez y Adolescencia Lago Ranco La Pol\u00edtica Local de Ni\u00f1ez y Adolescencia de Lago Ranco 2024-2032 es un acuerdo transversal y un compromiso de toda la comunidad, para promover y garantizar el desarrollo y bienestar integral de todas las ni\u00f1as, ni\u00f1os y adolescentes de nuestra comuna. Esta iniciativa, es [&hellip;]\" \/>\n<meta property=\"og:url\" content=\"https:\/\/www.municipalidadlagoranco.cl\/web\/politicas_ninez\/\" \/>\n<meta property=\"og:site_name\" content=\"Municipalidad Lago Ranco\" \/>\n<meta property=\"article:modified_time\" content=\"2024-11-26T18:14:43+00:00\" \/>\n<meta name=\"twitter:card\" content=\"summary_large_image\" \/>\n<meta name=\"twitter:label1\" content=\"Tiempo de lectura\" \/>\n\t<meta name=\"twitter:data1\" content=\"2 minutos\" \/>\n<script type=\"application\/ld+json\" class=\"yoast-schema-graph\">{\"@context\":\"https:\\\/\\\/schema.org\",\"@graph\":[{\"@type\":\"WebPage\",\"@id\":\"https:\\\/\\\/www.municipalidadlagoranco.cl\\\/web\\\/politicas_ninez\\\/\",\"url\":\"https:\\\/\\\/www.municipalidadlagoranco.cl\\\/web\\\/politicas_ninez\\\/\",\"name\":\"POLITICAS DE LA NI\u00d1EZ - Municipalidad Lago Ranco\",\"isPartOf\":{\"@id\":\"https:\\\/\\\/www.municipalidadlagoranco.cl\\\/web\\\/#website\"},\"datePublished\":\"2024-11-25T18:18:39+00:00\",\"dateModified\":\"2024-11-26T18:14:43+00:00\",\"breadcrumb\":{\"@id\":\"https:\\\/\\\/www.municipalidadlagoranco.cl\\\/web\\\/politicas_ninez\\\/#breadcrumb\"},\"inLanguage\":\"es\",\"potentialAction\":[{\"@type\":\"ReadAction\",\"target\":[\"https:\\\/\\\/www.municipalidadlagoranco.cl\\\/web\\\/politicas_ninez\\\/\"]}]},{\"@type\":\"BreadcrumbList\",\"@id\":\"https:\\\/\\\/www.municipalidadlagoranco.cl\\\/web\\\/politicas_ninez\\\/#breadcrumb\",\"itemListElement\":[{\"@type\":\"ListItem\",\"position\":1,\"name\":\"Portada\",\"item\":\"https:\\\/\\\/www.municipalidadlagoranco.cl\\\/web\\\/\"},{\"@type\":\"ListItem\",\"position\":2,\"name\":\"POLITICAS DE LA NI\u00d1EZ\"}]},{\"@type\":\"WebSite\",\"@id\":\"https:\\\/\\\/www.municipalidadlagoranco.cl\\\/web\\\/#website\",\"url\":\"https:\\\/\\\/www.municipalidadlagoranco.cl\\\/web\\\/\",\"name\":\"Municipalidad Lago Ranco\",\"description\":\"Municipalidad Lago Ranco\",\"publisher\":{\"@id\":\"https:\\\/\\\/www.municipalidadlagoranco.cl\\\/web\\\/#organization\"},\"potentialAction\":[{\"@type\":\"SearchAction\",\"target\":{\"@type\":\"EntryPoint\",\"urlTemplate\":\"https:\\\/\\\/www.municipalidadlagoranco.cl\\\/web\\\/?s={search_term_string}\"},\"query-input\":{\"@type\":\"PropertyValueSpecification\",\"valueRequired\":true,\"valueName\":\"search_term_string\"}}],\"inLanguage\":\"es\"},{\"@type\":\"Organization\",\"@id\":\"https:\\\/\\\/www.municipalidadlagoranco.cl\\\/web\\\/#organization\",\"name\":\"Municipalidad de Lago Ranco\",\"url\":\"https:\\\/\\\/www.municipalidadlagoranco.cl\\\/web\\\/\",\"logo\":{\"@type\":\"ImageObject\",\"inLanguage\":\"es\",\"@id\":\"https:\\\/\\\/www.municipalidadlagoranco.cl\\\/web\\\/#\\\/schema\\\/logo\\\/image\\\/\",\"url\":\"http:\\\/\\\/www.municipalidadlagoranco.cl\\\/web\\\/wp-content\\\/uploads\\\/2017\\\/08\\\/Logo-PNG-2.0-1-2.png\",\"contentUrl\":\"http:\\\/\\\/www.municipalidadlagoranco.cl\\\/web\\\/wp-content\\\/uploads\\\/2017\\\/08\\\/Logo-PNG-2.0-1-2.png\",\"width\":100,\"height\":135,\"caption\":\"Municipalidad de Lago Ranco\"},\"image\":{\"@id\":\"https:\\\/\\\/www.municipalidadlagoranco.cl\\\/web\\\/#\\\/schema\\\/logo\\\/image\\\/\"}}]}<\/script>\n<!-- \/ Yoast SEO plugin. -->","yoast_head_json":{"title":"POLITICAS DE LA NI\u00d1EZ - Municipalidad Lago Ranco","robots":{"index":"index","follow":"follow","max-snippet":"max-snippet:-1","max-image-preview":"max-image-preview:large","max-video-preview":"max-video-preview:-1"},"canonical":"https:\/\/www.municipalidadlagoranco.cl\/web\/politicas_ninez\/","og_locale":"es_ES","og_type":"article","og_title":"POLITICAS DE LA NI\u00d1EZ - Municipalidad Lago Ranco","og_description":"[vc_row][vc_column][vc_single_image image=\u00bb4835&#8243; img_size=\u00bbfull\u00bb][\/vc_column][\/vc_row][vc_row][vc_column width=\u00bb2\/3&#8243;][vc_column_text] Pol\u00edtica de Ni\u00f1ez y Adolescencia Lago Ranco La Pol\u00edtica Local de Ni\u00f1ez y Adolescencia de Lago Ranco 2024-2032 es un acuerdo transversal y un compromiso de toda la comunidad, para promover y garantizar el desarrollo y bienestar integral de todas las ni\u00f1as, ni\u00f1os y adolescentes de nuestra comuna. Esta iniciativa, es [&hellip;]","og_url":"https:\/\/www.municipalidadlagoranco.cl\/web\/politicas_ninez\/","og_site_name":"Municipalidad Lago Ranco","article_modified_time":"2024-11-26T18:14:43+00:00","twitter_card":"summary_large_image","twitter_misc":{"Tiempo de lectura":"2 minutos"},"schema":{"@context":"https:\/\/schema.org","@graph":[{"@type":"WebPage","@id":"https:\/\/www.municipalidadlagoranco.cl\/web\/politicas_ninez\/","url":"https:\/\/www.municipalidadlagoranco.cl\/web\/politicas_ninez\/","name":"POLITICAS DE LA NI\u00d1EZ - Municipalidad Lago Ranco","isPartOf":{"@id":"https:\/\/www.municipalidadlagoranco.cl\/web\/#website"},"datePublished":"2024-11-25T18:18:39+00:00","dateModified":"2024-11-26T18:14:43+00:00","breadcrumb":{"@id":"https:\/\/www.municipalidadlagoranco.cl\/web\/politicas_ninez\/#breadcrumb"},"inLanguage":"es","potentialAction":[{"@type":"ReadAction","target":["https:\/\/www.municipalidadlagoranco.cl\/web\/politicas_ninez\/"]}]},{"@type":"BreadcrumbList","@id":"https:\/\/www.municipalidadlagoranco.cl\/web\/politicas_ninez\/#breadcrumb","itemListElement":[{"@type":"ListItem","position":1,"name":"Portada","item":"https:\/\/www.municipalidadlagoranco.cl\/web\/"},{"@type":"ListItem","position":2,"name":"POLITICAS DE LA NI\u00d1EZ"}]},{"@type":"WebSite","@id":"https:\/\/www.municipalidadlagoranco.cl\/web\/#website","url":"https:\/\/www.municipalidadlagoranco.cl\/web\/","name":"Municipalidad Lago Ranco","description":"Municipalidad Lago Ranco","publisher":{"@id":"https:\/\/www.municipalidadlagoranco.cl\/web\/#organization"},"potentialAction":[{"@type":"SearchAction","target":{"@type":"EntryPoint","urlTemplate":"https:\/\/www.municipalidadlagoranco.cl\/web\/?s={search_term_string}"},"query-input":{"@type":"PropertyValueSpecification","valueRequired":true,"valueName":"search_term_string"}}],"inLanguage":"es"},{"@type":"Organization","@id":"https:\/\/www.municipalidadlagoranco.cl\/web\/#organization","name":"Municipalidad de Lago Ranco","url":"https:\/\/www.municipalidadlagoranco.cl\/web\/","logo":{"@type":"ImageObject","inLanguage":"es","@id":"https:\/\/www.municipalidadlagoranco.cl\/web\/#\/schema\/logo\/image\/","url":"http:\/\/www.municipalidadlagoranco.cl\/web\/wp-content\/uploads\/2017\/08\/Logo-PNG-2.0-1-2.png","contentUrl":"http:\/\/www.municipalidadlagoranco.cl\/web\/wp-content\/uploads\/2017\/08\/Logo-PNG-2.0-1-2.png","width":100,"height":135,"caption":"Municipalidad de Lago Ranco"},"image":{"@id":"https:\/\/www.municipalidadlagoranco.cl\/web\/#\/schema\/logo\/image\/"}}]}},"cmb2":{"uhe_rest_metabox":{"uhe_rest_text":""}},"_links":{"self":[{"href":"https:\/\/www.municipalidadlagoranco.cl\/web\/wp-json\/wp\/v2\/pages\/4833","targetHints":{"allow":["GET"]}}],"collection":[{"href":"https:\/\/www.municipalidadlagoranco.cl\/web\/wp-json\/wp\/v2\/pages"}],"about":[{"href":"https:\/\/www.municipalidadlagoranco.cl\/web\/wp-json\/wp\/v2\/types\/page"}],"author":[{"embeddable":true,"href":"https:\/\/www.municipalidadlagoranco.cl\/web\/wp-json\/wp\/v2\/users\/7"}],"replies":[{"embeddable":true,"href":"https:\/\/www.municipalidadlagoranco.cl\/web\/wp-json\/wp\/v2\/comments?post=4833"}],"version-history":[{"count":4,"href":"https:\/\/www.municipalidadlagoranco.cl\/web\/wp-json\/wp\/v2\/pages\/4833\/revisions"}],"predecessor-version":[{"id":4850,"href":"https:\/\/www.municipalidadlagoranco.cl\/web\/wp-json\/wp\/v2\/pages\/4833\/revisions\/4850"}],"wp:attachment":[{"href":"https:\/\/www.municipalidadlagoranco.cl\/web\/wp-json\/wp\/v2\/media?parent=4833"}],"curies":[{"name":"wp","href":"https:\/\/api.w.org\/{rel}","templated":true}]}}

POLITICAS DE LA NIÑEZ

[vc_row][vc_column][vc_single_image image=»4835&#8243; img_size=»full»][/vc_column][/vc_row][vc_row][vc_column width=»2/3&#8243;][vc_column_text]
<h2><strong>Política de Niñez y Adolescencia Lago Ranco</strong></h2>

<hr />

La Política Local de Niñez y Adolescencia de Lago Ranco 2024-2032 es un acuerdo transversal y un compromiso de toda la comunidad, para promover y garantizar el desarrollo y bienestar integral de todas las niñas, niños y adolescentes de nuestra comuna.

Esta iniciativa, es fruto de un trabajo colectivo, el cual define prioridades y objetivos, basados en los sueños, inquietudes, esperanzas y necesidades de la comunidad, para asegurar que la niñez y adolescencia de nuestro territorio tenga acceso a espacios adecuados, programas educativos inclusivos y oportunidades para participar.

Desde la gestión municipal deseamos que niñas, niños y adolescentes se sientan y estén acompañados en su desarrollo personal, sus trayectorias educativas, el fortalecimiento de sus intereses, y los diferentes espacios de juego y recreación, pero sobre todo, donde sus derechos sean siempre una prioridad.

Te invitamos a descargar y leer este instrumento, construido a partir de la voz de la comunidad ranquina y que busca orientar el trabajo para construir una comuna llena de oportunidades, donde niñas, niños y adolescentes se sientan escuchados, acompañados, y reconocidos en su camino hoy, mañana y cada día.

¡ Recuerda, todos somos parte de esta Política Local de Niñez y Adolescencia Comunal ![/vc_column_text][vc_column_text]

<hr />

<i><b><span style="font-size: large;"> </span></b></i>[/vc_column_text][vc_column_text]<a class="ts-button ts-color-darkblue ts-button-medium ts-icon-left ts-align-left ts-button-effect" href="https://www.municipalidadlagoranco.cl/web/wp-content/uploads/2024/11/Politica-de-Ninez-y-Adolescencia-Lago-Ranco.pdf" target="_blank"><span class="ts-button-icon"><span class="ts-btn-icon fa fa-download"></span></span><span class="ts-button-title">Politica de Niñez</span></a>

<a class="ts-button ts-color-darkblue ts-button-medium ts-icon-left ts-align-left ts-button-effect" href="https://www.municipalidadlagoranco.cl/web/wp-content/uploads/2024/11/Decreto-2748-Politica-Ninez-y-Adolescencia-Lago-Ranco-2024-2032.pdf" target="_blank"><span class="ts-button-icon"><span class="ts-btn-icon fa fa-download"></span></span><span class="ts-button-title">Reglamento</span></a>

[/vc_column_text][vc_empty_space][/vc_column][vc_column width=»1/3&#8243;][vc_single_image image=»4838&#8243; img_size=»full»][/vc_column][vc_column][/vc_column][/vc_row]

<p>[vc_row][vc_column][vc_single_image image=»4835&#8243; img_size=»full»][/vc_column][/vc_row][vc_row][vc_column width=»2/3&#8243;][vc_column_text] Política de Niñez y Adolescencia Lago Ranco La Política Local de Niñez y Adolescencia de Lago Ranco 2024-2032 es un acuerdo transversal y un compromiso de toda la comunidad, para promover y garantizar el desarrollo y bienestar integral de todas las niñas, niños y adolescentes de nuestra comuna. Esta iniciativa, es [&hellip;]</p>

<!-- This site is optimized with the Yoast SEO plugin v28.2 - https://yoast.com/product/yoast-seo-wordpress/ -->
<title>POLITICAS DE LA NIÑEZ - Municipalidad Lago Ranco</title>
<meta name="robots" content="index, follow, max-snippet:-1, max-image-preview:large, max-video-preview:-1" />
<link rel="canonical" href="https://www.municipalidadlagoranco.cl/web/politicas_ninez/" />
<meta property="og:locale" content="es_ES" />
<meta property="og:type" content="article" />
<meta property="og:title" content="POLITICAS DE LA NIÑEZ - Municipalidad Lago Ranco" />
<meta property="og:description" content="[vc_row][vc_column][vc_single_image image=»4835&#8243; img_size=»full»][/vc_column][/vc_row][vc_row][vc_column width=»2/3&#8243;][vc_column_text] Política de Niñez y Adolescencia Lago Ranco La Política Local de Niñez y Adolescencia de Lago Ranco 2024-2032 es un acuerdo transversal y un compromiso de toda la comunidad, para promover y garantizar el desarrollo y bienestar integral de todas las niñas, niños y adolescentes de nuestra comuna. Esta iniciativa, es [&hellip;]" />
<meta property="og:url" content="https://www.municipalidadlagoranco.cl/web/politicas_ninez/" />
<meta property="og:site_name" content="Municipalidad Lago Ranco" />
<meta property="article:modified_time" content="2024-11-26T18:14:43+00:00" />
<meta name="twitter:card" content="summary_large_image" />
<meta name="twitter:label1" content="Tiempo de lectura" />
	<meta name="twitter:data1" content="2 minutos" />
<script type="application/ld+json" class="yoast-schema-graph">{"@context":"https:\/\/schema.org","@graph":[{"@type":"WebPage","@id":"https:\/\/www.municipalidadlagoranco.cl\/web\/politicas_ninez\/","url":"https:\/\/www.municipalidadlagoranco.cl\/web\/politicas_ninez\/","name":"POLITICAS DE LA NIÑEZ - Municipalidad Lago Ranco","isPartOf":{"@id":"https:\/\/www.municipalidadlagoranco.cl\/web\/#website"},"datePublished":"2024-11-25T18:18:39+00:00","dateModified":"2024-11-26T18:14:43+00:00","breadcrumb":{"@id":"https:\/\/www.municipalidadlagoranco.cl\/web\/politicas_ninez\/#breadcrumb"},"inLanguage":"es","potentialAction":[{"@type":"ReadAction","target":["https:\/\/www.municipalidadlagoranco.cl\/web\/politicas_ninez\/"]}]},{"@type":"BreadcrumbList","@id":"https:\/\/www.municipalidadlagoranco.cl\/web\/politicas_ninez\/#breadcrumb","itemListElement":[{"@type":"ListItem","position":1,"name":"Portada","item":"https:\/\/www.municipalidadlagoranco.cl\/web\/"},{"@type":"ListItem","position":2,"name":"POLITICAS DE LA NIÑEZ"}]},{"@type":"WebSite","@id":"https:\/\/www.municipalidadlagoranco.cl\/web\/#website","url":"https:\/\/www.municipalidadlagoranco.cl\/web\/","name":"Municipalidad Lago Ranco","description":"Municipalidad Lago Ranco","publisher":{"@id":"https:\/\/www.municipalidadlagoranco.cl\/web\/#organization"},"potentialAction":[{"@type":"SearchAction","target":{"@type":"EntryPoint","urlTemplate":"https:\/\/www.municipalidadlagoranco.cl\/web\/?s={search_term_string}"},"query-input":{"@type":"PropertyValueSpecification","valueRequired":true,"valueName":"search_term_string"}}],"inLanguage":"es"},{"@type":"Organization","@id":"https:\/\/www.municipalidadlagoranco.cl\/web\/#organization","name":"Municipalidad de Lago Ranco","url":"https:\/\/www.municipalidadlagoranco.cl\/web\/","logo":{"@type":"ImageObject","inLanguage":"es","@id":"https:\/\/www.municipalidadlagoranco.cl\/web\/#\/schema\/logo\/image\/","url":"http:\/\/www.municipalidadlagoranco.cl\/web\/wp-content\/uploads\/2017\/08\/Logo-PNG-2.0-1-2.png","contentUrl":"http:\/\/www.municipalidadlagoranco.cl\/web\/wp-content\/uploads\/2017\/08\/Logo-PNG-2.0-1-2.png","width":100,"height":135,"caption":"Municipalidad de Lago Ranco"},"image":{"@id":"https:\/\/www.municipalidadlagoranco.cl\/web\/#\/schema\/logo\/image\/"}}]}</script>
<!-- / Yoast SEO plugin. -->

POLITICAS DE LA NIÑEZ - Municipalidad Lago Ranco

[vc_row][vc_column][vc_single_image image=»4835&#8243; img_size=»full»][/vc_column][/vc_row][vc_row][vc_column width=»2/3&#8243;][vc_column_text] Política de Niñez y Adolescencia Lago Ranco La Política Local de Niñez y Adolescencia de Lago Ranco 2024-2032 es un acuerdo transversal y un compromiso de toda la comunidad, para promover y garantizar el desarrollo y bienestar integral de todas las niñas, niños y adolescentes de nuestra comuna. Esta iniciativa, es [&hellip;]
